992.
2072
Calculate the greatest common factor of 11313 and 19710.
27
Calculate the highest common factor of 305426 and 66.
22
What is the highest common factor of 1001 and 1353?
11
Calculate the greatest common divisor of 17515 and 12204.
113
Calculate the highest common divisor of 16 and 566288.
16
Calculate the highest common factor of 186 and 3226.
2
What is the highest common factor of 156 and 2246556?
156
Calculate the highest common factor of 4644 and 93052.
172
What is the greatest common factor of 2429136 and 108?
108
What is the highest common divisor of 42 and 346941?
21
What is the highest common factor of 711 and 34049?
79
What is the highest common divisor of 51300 and 16188?
228
Calculate the highest common factor of 2457 and 6006.
273
What is the highest common divisor of 2560 and 955520?
640
Calculate the greatest common factor of 1166253 and 66.
33
Calculate the highest common divisor of 81 and 7080.
3
What is the highest common factor of 92 and 5952?
4
What is the highest common factor of 696 and 5496?
24
Calculate the greatest common divisor of 5310 and 576.
18
Calculate the highest common factor of 3990 and 3570.
210
What is the greatest common divisor of 68705 and 6040?
755
What is the greatest common divisor of 12144 and 1336?
8
Calculate the greatest common factor of 961786 and 28.
14
Calculate the highest common divisor of 73074 and 1254.
114
What is the highest common divisor of 149981 and 137033?
1079
Calculate the highest common divisor of 182 and 100212.
14
What is the highest common factor of 3 and 1186?
1
What is the highest common divisor of 3 and 126372?
3
What is the highest common factor of 91258 and 206?
206
Calculate the greatest common factor of 2 and 4428.
2
What is the highest common divisor of 705 and 55?
5
What is the highest common factor of 25542 and 44?
22
Calculate the greatest common divisor of 4 and 1058636.
4
Calculate the highest common divisor of 8855 and 66539.
253
What is the highest common divisor of 1844 and 20?
4
Calculate the highest common factor of 5035169 and 82.
41
Calculate the highest common factor of 86549 and 161.
23
Calculate the highest common factor of 3093 and 1992923.
1031
Calculate the highest common factor of 48 and 218304.
48
Calculate the highest common factor of 172000 and 2360.
40
Calculate the greatest common divisor of 23208 and 19704.
24
Calculate the greatest common divisor of 5298 and 4178356.
1766
Calculate the highest common factor of 2015 and 637.
13
Calculate the highest common factor of 314731 and 982.
491
Calculate the highest common factor of 26740 and 340.
20
Calculate the greatest common divisor of 23530 and 2896.
362
What is the highest common divisor of 3732 and 995511?
933
What is the highest common divisor of 240 and 59060?
20
Calculate the highest common factor of 19160 and 37841.
479
What is the greatest common divisor of 1080965 and 205?
205
Calculate the highest common factor of 8 and 139096.
8
What is the greatest common divisor of 1168 and 65992?
584
What is the highest common factor of 6670160 and 336?
112
What is the highest common factor of 37840 and 1265?
55
Calculate the highest common divisor of 96 and 60.
12
What is the highest common divisor of 6031 and 163?
163
What is the highest common divisor of 3455877 and 9305?
1861
Calculate the greatest common divisor of 24 and 664080.
24
What is the greatest common factor of 516 and 7908?
12
What is the greatest common factor of 1008 and 751248?
144
What is the greatest common divisor of 49064 and 16?
8
Calculate the greatest common factor of 2078058 and 12.
6
Calculate the greatest common factor of 48 and 1211088.
48
What is the highest common divisor of 281274 and 259?
259
Calculate the greatest common divisor of 30 and 1770.
30
Calculate the highest common divisor of 1570 and 2810.
10
Calculate the greatest common divisor of 65 and 774865.
65
Calculate the greatest common divisor of 417 and 73531.
139
What is the greatest common factor of 4397 and 3?
1
Calculate the highest common factor of 153 and 23494.
17
Calculate the highest common factor of 538991 and 223.
223
Calculate the highest common factor of 126597 and 1482.
57
What is the greatest common factor of 75680 and 64240?
880
Calculate the greatest common divisor of 49 and 78253.
49
Calculate the highest common divisor of 74172 and 50.
2
Calculate the highest common factor of 20368 and 9272.
152
What is the greatest common factor of 921289 and 62?
31
Calculate the greatest common factor of 1079626 and 142.
142
What is the highest common divisor of 2745 and 180255?
915
What is the greatest common divisor of 60385 and 650?
65
What is the greatest common factor of 783 and 159790?
29
What is the greatest common factor of 164 and 5056?
4
What is the greatest common factor of 3263 and 403?
13
What is the highest common divisor of 17 and 3036353?
17
Calculate the greatest common divisor of 328 and 29602.
82
Calculate the greatest common factor of 109040 and 8460.
940
Calculate the greatest common factor of 79 and 23.
1
What is the highest common divisor of 89 and 25?
1
Calculate the highest common divisor of 4352 and 296072.
136
Calculate the greatest common divisor of 445953 and 1677.
129
What is the greatest common factor of 59744 and 48?
16
What is the highest common divisor of 27 and 160164?
27
What is the highest common divisor of 127107 and 783?
261
Calculate the greatest common factor of 370 and 3910.
10
What is the greatest common divisor of 532 and 16198?
14
Calculate the highest common factor of 22122 and 684.
18
What is the greatest common divisor of 303987 and 2568?
321
What is the highest common factor of 1536 and 271776?
96
Calculate the highest common factor of 430249 and 124.
31
Calculate the greatest common divisor of 113 and 2973821.
113
Calculate the greatest common factor of 24 and 1621824.
24
What is the highest common divisor of 207524 and 2668?
116
Calculate the greatest common divisor of 968639 and 133.
133
What is the greatest common factor of 15 and 167805?
15
What is the greatest common factor of 562205 and 28?
7
Calculate the highest common factor of 55 and 343530.
55
What is the greatest common factor of 42903 and 756?
189
Calculate the highest common divisor of 18848 and 6479.
589
Calculate the highest common divisor of 942584 and 24.
8
What is the greatest common factor of 24612 and 1344?
84
What is the highest common divisor of 20286 and 6066?
18
What is the greatest common divisor of 859309 and 191?
191
Calculate the greatest common divisor of 43923 and 781.
11
What is the highest common factor of 95964 and 176?
44
What is the highest common factor of 288107 and 41?
41
Calculate the greatest common factor of 812 and 52171.
203
What is the greatest common factor of 63 and 25081?
7
Calculate the highest common divisor of 566 and 735800.
566
What is the greatest common divisor of 73969 and 189?
7
Calculate the highest common factor of 11308 and 21074.
514
Calculate the highest common divisor of 458757 and 837.
27
What is the greatest common factor of 21 and 31948?
7
What is the highest common factor of 176392 and 323?
17
What is the greatest common divisor of 58200 and 4947?
291
Calculate the greatest common divisor of 153027 and 18.
9
Calculate the greatest common factor of 10143 and 13455.
207
Calculate the highest common factor of 1345355 and 1604.
401
What is the highest common divisor of 7061 and 42059?
307
What is the highest common factor of 9 and 237?
3
What is the highest common factor of 752 and 441424?
752
What is the highest common divisor of 903 and 387?
129
Calculate the highest common divisor of 5200 and 304.
16
Calculate the highest common factor of 36 and 251775.
9
Calculate the highest common factor of 11946 and 13200.
66
What is the greatest common factor of 114 and 42807?
57
What is the greatest common divisor of 449319 and 104?
13
Calculate the highest common factor of 4634 and 8302.
14
What is the greatest common divisor of 36 and 1994?
2
What is the highest common factor of 643610 and 66?
22
Calculate the greatest common divisor of 140657 and 11.
11
Calculate the highest common factor of 104215 and 456.
19
What is the highest common factor of 805 and 81742?
23
Calculate the highest comm